s divided by 205?
7
What is the remainder when 17111 is divided by 12?
11
What is the remainder when 92 is divided by 4?
0
What is the remainder when 600 is divided by 276?
48
What is the remainder when 54 is divided by 15?
9
What is the remainder when 196 is divided by 37?
11
What is the remainder when 39 is divided by 10?
9
What is the remainder when 214 is divided by 31?
28
Calculate the remainder when 16 is divided by 6.
4
What is the remainder when 160 is divided by 50?
10
Calculate the remainder when 190 is divided by 6.
4
Calculate the remainder when 199 is divided by 50.
49
What is the remainder when 339 is divided by 18?
15
What is the remainder when 6878 is divided by 43?
41
What is the remainder when 352 is divided by 50?
2
What is the remainder when 158 is divided by 37?
10
What is the remainder when 3671 is divided by 1222?
5
What is the remainder when 499 is divided by 9?
4
What is the remainder when 1186 is divided by 196?
10
Calculate the remainder when 91 is divided by 31.
29
What is the remainder when 1070 is divided by 37?
34
Calculate the remainder when 185 is divided by 92.
1
What is the remainder when 354 is divided by 347?
7
Calculate the remainder when 468 is divided by 459.
9
Calculate the remainder when 54 is divided by 2.
0
Calculate the remainder when 28 is divided by 1.
0
Calculate the remainder when 384 is divided by 112.
48
What is the remainder when 1617 is divided by 53?
27
What is the remainder when 1092 is divided by 67?
20
Calculate the remainder when 289 is divided by 162.
127
Calculate the remainder when 570 is divided by 95.
0
What is the remainder when 2185 is divided by 244?
233
What is the remainder when 46 is divided by 42?
4
What is the remainder when 30 is divided by 21?
9
Calculate the remainder when 287 is divided by 102.
83
Calculate the remainder when 29 is divided by 12.
5
Calculate the remainder when 480 is divided by 37.
36
Calculate the remainder when 338 is divided by 18.
14
What is the remainder when 1353 is divided by 4?
1
What is the remainder when 173 is divided by 160?
13
What is the remainder when 773 is divided by 97?
94
What is the remainder when 1773 is divided by 16?
13
Calculate the remainder when 820 is divided by 168.
148
What is the remainder when 66 is divided by 34?
32
What is the remainder when 33 is divided by 3?
0
What is the remainder when 10862 is divided by 265?
262
What is the remainder when 194 is divided by 12?
2
Calculate the remainder when 193 is divided by 22.
17
Calculate the remainder when 1260 is divided by 313.
8
What is the remainder when 4091 is divided by 18?
5
Calculate the remainder when 119 is divided by 30.
29
What is the remainder when 1412 is divided by 159?
140
Calculate the remainder when 940 is divided by 158.
150
Calculate the remainder when 944 is divided by 27.
26
Calculate the remainder when 587 is divided by 84.
83
What is the remainder when 127 is divided by 35?
22
What is the remainder when 700 is divided by 19?
16
Calculate the remainder when 65 is divided by 24.
17
What is the remainder when 65 is divided by 4?
1
Calculate the remainder when 233 is divided by 22.
13
Calculate the remainder when 41 is divided by 30.
11
What is the remainder when 605 is divided by 297?
11
What is the remainder when 5765 is divided by 62?
61
Calculate the remainder when 3022 is divided by 56.
54
What is the remainder when 7875 is divided by 9?
0
Calculate the remainder when 7837 is divided by 16.
13
What is the remainder when 4344 is divided by 79?
78
Calculate the remainder when 230 is divided by 48.
38
Calculate the remainder when 41 is divided by 12.
5
What is the remainder when 328 is divided by 33?
31
What is the remainder when 61 is divided by 27?
7
What is the remainder when 2784 is divided by 102?
30
Calculate the remainder when 29198 is divided by 31.
27
Calculate the remainder when 9036 is divided by 137.
131
Calculate the remainder when 6 is divided by 5.
1
What is the remainder when 191 is divided by 85?
21
Calculate the remainder when 148 is divided by 35.
8
Calculate the remainder when 29 is divided by 8.
5
What is the remainder when 137 is divided by 48?
41
What is the remainder when 122 is divided by 33?
23
What is the remainder when 92 is divided by 20?
12
Calculate the remainder when 346 is divided by 54.
22
Calculate the remainder when 348 is divided by 14.
12
What is the remainder when 7197 is divided by 240?
237
Calculate the remainder when 1328 is divided by 25.
3
Calculate the remainder when 20356 is divided by 29.
27
Calculate the remainder when 842 is divided by 94.
90
Calculate the remainder when 1206 is divided by 39.
36
Calculate the remainder when 2619 is divided by 46.
43
What is the remainder when 1720 is divided by 42?
40
Calculate the remainder when 386 is divided by 9.
8
What is the remainder when 1125 is divided by 36?
9
What is the remainder when 100 is divided by 19?
5
What is the remainder when 285 is divided by 22?
21
What is the remainder when 295 is divided by 77?
64
What is the remainder when 1119 is divided by 89?
51
Calculate the remainder when 637 is divided by 71.
69
What is the remainder when 263 is divided by 55?
43
What is the remainder when 351 is divided by 59?
56
What is the remainder when 305 is divided by 160?
145
Calculate the remainder when 3583 is divided by 15.
13
Calculate the remainder when 340 is divided by 88.
76
Calculate the remainder when 1723 is divided by 63.
22
Calculate the remainder when 11833 is divided by 194.
193
Calculate the remainder when 122 is divided by 56.
10
Calculate the remainder when 525 is divided by 262.
1
Calculate the remainder when 780 is divided by 71.
70
Calculate the remainder when 444 is divided by 112.
108
Calculate the remainder when 4184 is divided by 46.
44
Calculate the remainder when 1449 is divided by 92.
69
What is the remainder when 611 is divided by 572?
39
What is the remainder when 1033 is divided by 362?
309
Calculate the remainder when 5097 is divided by 5.
2
What is the remainder when 126 is divided by 64?
62
Calculate the remainder when 346 is divided by 88.
82
What is the remainder when 8 is divided by 5?
3
Calculate the remainder when 10176 is divided by 27.
24
Calculate the remainder when 230 is divided by 211.
19
Calculate the remainder when 42 is divided by 23.
19
What is the remainder when 317 is divided by 13?
5
Calculate the remainder when 87 is divided by 64.
23
What is the remainder when 1750 is divided by 110?
100
Calculate the remainder when 116 is divided by 3.
2
Calculate the remainder when 240 is divided by 67.
39
What is the remainder when 3728 is divided by 33?
32
Calculate the remainder when 125 is divided by 13.
8
What is the remainder when 8616 is divided by 39?
36
What is the remainder when 956 is divided by 80?
76
Calculate the remainder when 169 is divided by 133.
36
Calculate the remainder when 6 is divided by 6.
0
Calculate the remainder when 17009 is divided by 10.
9
What is the remainder when 461 is divided by 167?
127
Calculate the remainder when 679 is divided by 22.
19
What is the remainder when 613 is divided by 54?
19
What is the remainder when 199 is divided by 63?
10
Calculate the remainder when 498 is divided by 245.
8
What is the remainder when 1461 is divided by 19?
17
What is the remainder when 109 is divided by 22?
21
Calculate the remainder when 526 is divided by 70.
36
Calculate the remainder when 3142 is divided by 17.
14
Calculate the remainder when 342 is divided by 59.
47
Calculate the remainder when 213 is divided by 9.
6
Calculate the remainder when 322 is divided by 27.
25
Calculate the remainder when 69 is divided by 37.
32
Calculate the remainder when 416 is divided by 28.
24
What is the remainder when 194 is divided by 51?
41
What is the remainder when 485 is divided by 26?
17
What is the remainder when 221 is divided by 45?
41
Calculate the remainder when 25841 is divided by 59.
58
Calculate the remainder when 92 is divided by 22.
4
What is the remainder when 2435 is divided by 185?
30
Calculate the remainder when 298 is divided by 43.
40
Calculate the remainder when 683 is divided by 57.
56
What is the remainder when 177 is divided by 52?
21
What is the remainder when 989 is divided by 71?
66
C